{"id":2431,"date":"2022-12-20T19:32:43","date_gmt":"2022-12-20T18:32:43","guid":{"rendered":"https:\/\/www.stadtmeisterschaft-passau.de\/?page_id=2431"},"modified":"2023-12-27T17:49:32","modified_gmt":"2023-12-27T16:49:32","slug":"fotogalerien","status":"publish","type":"page","link":"https:\/\/www.stadtmeisterschaft-passau.de\/?page_id=2431","title":{"rendered":"Fotogalerien"},"content":{"rendered":"\n<p>Hier finden Sie Bildergalerien und Fotos aus den vergangenen Stadtmeisterschaften. Viel Spa\u00df beim St\u00f6bern durch unsere Impressionen der gro\u00dfen Hallenturniere der vergangenen Jahre, durchgef\u00fchrt von der DJK Passau-West!<\/p>\n\n\n\n<h2 class=\"wp-block-heading\">2022<\/h2>\n\n\n\n<ul class=\"wp-block-list\">\n<li><a href=\"\/allgemeine-eindruecke-vom-turnier-2022\/\" data-type=\"URL\" data-id=\"https:\/\/www.stadtmeisterschaft-passau.de\/allgemeine-eindruecke-vom-turnier\/\">Allgemeine Eindr\u00fccke vom Turnier 2022<\/a><\/li>\n\n\n\n<li><a href=\"\/sieger-2022\/\" data-type=\"page\" data-id=\"2407\">Sieger &amp; Torsch\u00fctzenk\u00f6nige 2022<\/a><\/li>\n<\/ul>\n\n\n\n<h2 class=\"wp-block-heading\">2019<\/h2>\n\n\n\n<ul class=\"wp-block-list\">\n<li><a href=\"https:\/\/www.stadtmeisterschaft-passau.de\/allgemeine-eindruecke-vom-turnier\/\" data-type=\"URL\" data-id=\"https:\/\/www.stadtmeisterschaft-passau.de\/allgemeine-eindruecke-vom-turnier\/\">Allgemeine Eindr\u00fccke vom Turnier 2019<\/a><\/li>\n\n\n\n<li><a href=\"https:\/\/www.stadtmeisterschaft-passau.de\/sieger-2019\/\" data-type=\"page\" data-id=\"2407\">Sieger \/ Stadtmeister 2019<\/a><\/li>\n<\/ul>\n","protected":false},"excerpt":{"rendered":"<p>Hier finden Sie Bildergalerien und Fotos aus den vergangenen Stadtmeisterschaften. Viel Spa\u00df beim St\u00f6bern durch unsere Impressionen der gro\u00dfen Hallenturniere der vergangenen Jahre, durchgef\u00fchrt von der DJK Passau-West! 2022 2019<\/p>\n","protected":false},"author":5,"featured_media":0,"parent":0,"menu_order":0,"comment_status":"closed","ping_status":"closed","template":"","meta":{"footnotes":""},"class_list":["post-2431","page","type-page","status-publish","hentry"],"_links":{"self":[{"href":"https:\/\/www.stadtmeisterschaft-passau.de\/index.php?rest_route=\/wp\/v2\/pages\/2431","targetHints":{"allow":["GET"]}}],"collection":[{"href":"https:\/\/www.stadtmeisterschaft-passau.de\/index.php?rest_route=\/wp\/v2\/pages"}],"about":[{"href":"https:\/\/www.stadtmeisterschaft-passau.de\/index.php?rest_route=\/wp\/v2\/types\/page"}],"author":[{"embeddable":true,"href":"https:\/\/www.stadtmeisterschaft-passau.de\/index.php?rest_route=\/wp\/v2\/users\/5"}],"replies":[{"embeddable":true,"href":"https:\/\/www.stadtmeisterschaft-passau.de\/index.php?rest_route=%2Fwp%2Fv2%2Fcomments&post=2431"}],"version-history":[{"count":5,"href":"https:\/\/www.stadtmeisterschaft-passau.de\/index.php?rest_route=\/wp\/v2\/pages\/2431\/revisions"}],"predecessor-version":[{"id":2664,"href":"https:\/\/www.stadtmeisterschaft-passau.de\/index.php?rest_route=\/wp\/v2\/pages\/2431\/revisions\/2664"}],"wp:attachment":[{"href":"https:\/\/www.stadtmeisterschaft-passau.de\/index.php?rest_route=%2Fwp%2Fv2%2Fmedia&parent=2431"}],"curies":[{"name":"wp","href":"https:\/\/api.w.org\/{rel}","templated":true}]}}